s the greatest common factor of 108 and 132?
12
Calculate the greatest common factor of 42 and 9618.
42
What is the highest common divisor of 38 and 1406?
38
What is the highest common factor of 5688 and 48?
24
Calculate the highest common divisor of 213 and 3.
3
Calculate the highest common divisor of 715 and 220.
55
Calculate the highest common factor of 6 and 30.
6
What is the greatest common factor of 132 and 36?
12
What is the greatest common divisor of 78 and 1326?
78
What is the highest common factor of 6 and 1366?
2
What is the greatest common divisor of 70 and 35?
35
Calculate the greatest common factor of 12 and 948.
12
Calculate the greatest common factor of 185 and 74.
37
What is the highest common factor of 6000 and 70?
10
Calculate the highest common divisor of 52 and 702.
26
What is the highest common factor of 84 and 1218?
42
What is the greatest common factor of 335 and 25?
5
Calculate the highest common divisor of 437 and 456.
19
Calculate the greatest common divisor of 371 and 14.
7
What is the highest common divisor of 884 and 340?
68
Calculate the highest common factor of 16 and 25136.
16
Calculate the highest common factor of 180 and 171.
9
What is the highest common factor of 50 and 4600?
50
Calculate the highest common divisor of 165 and 33.
33
What is the highest common divisor of 3778 and 4?
2
What is the greatest common divisor of 445 and 10?
5
What is the greatest common divisor of 285 and 38?
19
Calculate the highest common divisor of 23 and 7.
1
Calculate the greatest common factor of 498 and 14691.
249
Calculate the greatest common divisor of 3080 and 8855.
385
Calculate the highest common factor of 800 and 96.
32
Calculate the highest common factor of 32 and 3168.
32
Calculate the greatest common divisor of 54 and 1590.
6
What is the highest common divisor of 189 and 7?
7
What is the greatest common divisor of 4 and 6?
2
What is the highest common factor of 18 and 4302?
18
Calculate the greatest common factor of 53109 and 21.
21
What is the greatest common divisor of 10 and 90?
10
What is the highest common divisor of 11 and 18337?
11
What is the greatest common factor of 663 and 102?
51
Calculate the highest common divisor of 42 and 602.
14
What is the greatest common divisor of 840 and 70?
70
What is the greatest common divisor of 51200 and 200?
200
What is the greatest common factor of 2 and 54?
2
Calculate the highest common divisor of 640 and 2304.
128
Calculate the highest common factor of 18 and 8.
2
Calculate the highest common factor of 8 and 12.
4
Calculate the highest common factor of 4 and 1396.
4
What is the greatest common divisor of 33 and 429?
33
Calculate the highest common factor of 1576 and 591.
197
Calculate the highest common divisor of 1408 and 10368.
128
What is the greatest common divisor of 950 and 25?
25
What is the highest common factor of 89 and 2047?
89
Calculate the greatest common factor of 738 and 198.
18
Calculate the greatest common divisor of 77 and 143.
11
Calculate the highest common divisor of 20 and 220.
20
What is the highest common divisor of 17 and 22?
1
What is the greatest common factor of 335 and 201?
67
Calculate the highest common divisor of 2 and 1129.
1
What is the greatest common factor of 225 and 27?
9
What is the highest common factor of 306 and 162?
18
What is the highest common factor of 45 and 80?
5
Calculate the greatest common divisor of 434 and 16709.
217
Calculate the highest common divisor of 380 and 228.
76
What is the greatest common factor of 90 and 828?
18
Calculate the greatest common factor of 855 and 18.
9
Calculate the greatest common divisor of 102 and 68.
34
What is the greatest common divisor of 6770 and 30?
10
What is the greatest common factor of 18 and 10?
2
Calculate the greatest common factor of 3572 and 38.
38
What is the greatest common factor of 162 and 18?
18
Calculate the greatest common divisor of 96 and 180.
12
Calculate the highest common divisor of 11205 and 498.
249
What is the highest common divisor of 2656 and 32?
32
Calculate the highest common factor of 25 and 5975.
25
What is the highest common factor of 2880 and 270?
90
What is the highest common factor of 96 and 60?
12
What is the greatest common divisor of 529 and 897?
23
What is the highest common divisor of 3 and 15?
3
What is the greatest common factor of 4767 and 21?
21
Calculate the greatest common factor of 1158 and 6.
6
Calculate the greatest common factor of 2322 and 86.
86
Calculate the greatest common divisor of 82 and 10.
2
What is the highest common factor of 35 and 1015?
35
Calculate the greatest common divisor of 14 and 42.
14
What is the highest common factor of 2882 and 44?
22
What is the highest common factor of 936 and 104?
104
Calculate the greatest common factor of 682 and 88.
22
What is the highest common divisor of 136 and 6728?
8
Calculate the greatest common divisor of 147 and 70413.
147
Calculate the greatest common factor of 7 and 2443.
7
Calculate the greatest common divisor of 55 and 280.
5
Calculate the highest common divisor of 240 and 150.
30
Calculate the highest common factor of 16 and 328.
8
What is the highest common divisor of 83 and 6557?
83
Calculate the greatest common factor of 1417 and 327.
109
What is the greatest common divisor of 4293 and 106?
53
What is the highest common divisor of 1218 and 348?
174
Calculate the highest common divisor of 1755 and 1080.
135
What is the highest common factor of 232 and 5974?
58
Calculate the highest common divisor of 637 and 35.
7
What is the greatest common divisor of 18441 and 36?
9
Calculate the greatest common divisor of 392 and 8.
8
Calculate the greatest common divisor of 4950 and 50.
50
Calculate the highest common factor of 2 and 5.
1
Calculate the highest common divisor of 105 and 336.
21
Calculate the highest common factor of 3100 and 100.
100
Calculate the highest common divisor of 24 and 72.
24
Calculate the greatest common factor of 24 and 152.
8
What is the greatest common divisor of 1155 and 1771?
77
Calculate the highest common factor of 2408 and 168.
56
Calculate the highest common factor of 15648 and 96.
96
Calculate the greatest common divisor of 168 and 196.
28
What is the highest common factor of 1633 and 575?
23
What is the greatest common divisor of 18 and 2112?
6
What is the greatest common divisor of 105 and 285?
15
What is the greatest common factor of 4096 and 288?
32
What is the highest common factor of 447 and 2831?
149
Calculate the highest common factor of 135 and 171.
9
What is the highest common factor of 18 and 198?
18
What is the greatest common divisor of 47 and 2491?
47
Calculate the greatest common divisor of 230 and 184.
46
What is the greatest common divisor of 55 and 21505?
55
What is the highest common divisor of 3 and 5?
1
What is the highest common factor of 308 and 42?
14
Calculate the greatest common divisor of 76 and 12388.
76
What is the greatest common factor of 2603 and 19?
19
Calculate the highest common factor of 153 and 26928.
153
Calculate the greatest common divisor of 36 and 204.
12
What is the highest common divisor of 35 and 56?
7
Calculate the highest common factor of 2148 and 12.
12
What is the greatest common factor of 9 and 243?
9
What is the greatest common factor of 77 and 11396?
77
Calculate the greatest common divisor of 68 and 153.
17
What is the highest common divisor of 630 and 735?
105
What is the highest common factor of 22 and 1100?
22
What is the greatest common divisor of 11 and 913?
11
What is the greatest common factor of 108 and 351?
27
What is the greatest common factor of 704 and 792?
88
What is the highest common divisor of 6 and 252?
6
Calculate the greatest common divisor of 30 and 315.
15
Calculate the highest common divisor of 390 and 354.
6
What is the greatest common divisor of 15370 and 145?
145
What is the highest common factor of 7 and 79?
1
Calculate the highest common factor of 89 and 89.
89
Calculate the highest common factor of 144 and 468.
36
What is the greatest common factor of 782 and 170?
34
What is the greatest common factor of 175 and 280?
35
What is the highest common factor of 18 and 261?
9
Calculate the greatest common factor of 147 and 7161.
21
Calculate the greatest common factor of 6